b**3 - 18*b**2 + 12*b + 18. Let h(y) = -6*a(y) - g(y). Give h(10).
2
Suppose 87*o - 82*o - 14 = -2*f, o = f - 7. Let n(i) = -4*i**2 + 25*i + 2. Calculate n(f).
-19
Let f(d) = -d**2 - 3*d - 4. Suppose 140 = 22*o + 30. Suppose 5*s = 3*v - 17, -4*s + 0*s - 21 = o*v. Calculate f(s).
-8
Let h be (-5)/((-45)/6) - (-38)/114. Let f(q) be the first derivative of -3*q**4/4 + q**3/3 + q**2/2 - q - 3. Calculate f(h).
-2
Suppose -10 = 2*q - 8. Let w be -1 + q - 105/(-35). Let i(x) = -10 - 2*x**2 + 10 + x. Determine i(w).
-1
Let w(s) = 9*s**2 - 5*s - 16. Let r(z) = z**2 - z - 1. Let v(a) = -4*r(a) + w(a). Determine v(4).
64
Let a(g) = 4 - 14*g**2 + 6*g**2 + 11*g**2 + 7*g + 5 + 6*g**2 + g**3. Calculate a(-4).
61
Let y(t) = -315*t + 19. Let u(r) = -1023*r + 57. Let p(b) = 4*u(b) - 13*y(b). Give p(8).
5
Let f(g) = -4*g**2 - 25*g + 14. Let l be f(-6). Suppose z - c - 16 = 4, -5*z + 3*c + 92 = 0. Let o = z - l. Let k(i) = 2*i + 4. Calculate k(o).
-4
Let p = -1419 - -2147. Let z(m) = m**3 - 2*m - p*m**2 + 2*m - 9 + 739*m**2. Determine z(-11).
-9
Suppose 0 = -22042*q + 22023*q + 133. Let a(u) = 9*u - 33. Determine a(q).
30
Let q(v) = 2*v**2 - 7*v - 17. Let c be q(5). Let g(w) = -2*w + 6. Let b be g(c). Let z(o) = 4*o - b*o + 1 + 5*o - 5. What is z(-6)?
2
Let u(d) = d**3 - 4*d**2 - 2*d + 2. Let a(w) be the second derivative of -w**3/6 - 12*w**2 - 39*w. Let b be a(-28). Determine u(b).
-6
Suppose 25 = 2*o + 5*u - 0*u, 4*o + 3*u = 29. Let j(a) = 8*a + 24 - 17 - o - a**2. Give j(6).
14
Let r(k) be the second derivative of k**5/20 - k**4/4 - 3*k**3 - 5*k**2 - 255*k + 4. What is r(6)?
-10
Let s(c) be the second derivative of 2*c**2 + 1/3*c**3 - 164*c + 0. Suppose -2*p = -3*p + 6. What is s(p)?
16
Suppose -3*z = 2*n - 9, -z = -3*n + 1 + 7. Let x(l) = 8*l - 29. Calculate x(n).
-5
Let b(a) = -a**2 + 4*a + 5. Let g(w) = w**2 + 36*w - 344. Let x be g(8). Determine b(x).
-27
Let l(i) be the second derivative of 43*i**3/6 + 5*i**2/2 + 4685*i. Calculate l(1).
48
Let x(o) = -4 - 4 + 274*o**3 + 10*o**2 - 1 - 2 - 273*o**3 - 25*o. Calculate x(-12).
1
Let l(w) = 4*w - 9*w + 5824 - 5838. Determine l(-13).
51
Let a(d) be the first derivative of -d**4/12 + d**3/3 + 3*d**2/2 - 138*d + 50. Let b(y) be the first derivative of a(y). Give b(3).
0
Let t(o) be the third derivative of -7/6*o**3 + 7/12*o**4 + 0 + 0*o - 1/60*o**5 + 199*o**2. What is t(14)?
-7
Let m(f) be the second derivative of -f**5/20 + f**4/4 - 3*f**2/2 + 47*f. Let n be m(2). Let p(u) = 3*u**2 + u - 1. Calculate p(n).
3
Let c(a) = -2*a - 60. Let g be ((-8)/(-36)*24)/(46/(-3) + 16). Determine c(g).
-76
Suppose 0 = 19*q + 54 - 127 + 16. Let w(g) = g**3 - 7*g**2 + 11*g - 1. Calculate w(q).
-4
Let i(s) = 3*s**2 + 5. Let p(q) = 4*q**2 - q + 6. Let m(y) = -3*i(y) + 2*p(y). Let o(h) = 4*h**3 + 5*h**2 + h - 2. Let x be o(-1). Calculate m(x).
-3
Let d(m) = 8*m - 117. Let h be d(15). Suppose -h*k = -p - 0*p - 14, 5*p = -25. Let j(x) = -2*x. Determine j(k).
-6
Let w(c) = -102*c**2 + 11*c - 8 + 3*c + 208*c**2 - 6*c - 107*c**2. What is w(6)?
4
Let x be ((-84)/20)/(51/(-70) + 96/224). Let k(h) = h - 19. Determine k(x).
-5
Let r(s) = -3*s**2 - 244*s + 98. Let w(d) = -8*d**2 - 587*d + 245. Let t(m) = -12*r(m) + 5*w(m). Give t(4).
-43
Let h(g) be the third derivative of -g**6/120 + g**5/5 + 5*g**3/3 - 5*g**2 + 2*g - 18. Determine h(12).
10
Let r(t) = 2*t + 1. Let w(s) = -3*s - 4. Let l = -315 + 313. Let m(v) = l*r(v) - w(v). What is m(-9)?
11
Let u(f) = f**3 + 7*f**2 + 28*f + 197. Let p be u(-7). Let y(q) = -9*q**2 - 3*q + 2. Calculate y(p).
-10
Let a(k) be the first derivative of -53*k**2/2 + 111*k + 2611. Determine a(2).
5
Let w be (-1 + (2 - -9))/(-1). Let p(d) be the third derivative of -d**6/120 - d**5/6 + 11*d**3/6 - 1258*d**2. Determine p(w).
11
Let c(k) be the first derivative of -k**4/4 + 10*k**3/3 - k**2/2 + 10*k - 1. Let h = 900905 - 900895. Give c(h).
0
Let o(i) = -i**2 + 3*i + 7. Let h(a) = -a**2 + 4*a + 8. Let g(s) = -6*h(s) + 7*o(s). Let z = -3592 - -3595. What is g(z)?
-17
Let c = 85 - 34. Suppose -2 = u - 2*d, u - 4*d + c = 43. Let q(b) = 5*b + 3 - 3 - 1 - b**2. Give q(u).
3
Let c(u) = -915*u - 928*u + 66 - u**2 + 1862*u. Give c(22).
0
Let q = 270 - 268. Let y(c) be the first derivative of -1/2*c**q - 7 + 2*c. Give y(6).
-4
Let x = -16371 + 16366. Let r(c) = -5*c + 3 - 2*c + 5*c. Determine r(x).
13
Let t = -139 - -134. Let p(z) = z**2 - 10*z + 13. Let o(n) = n**2 - 15*n + 20. Let b(v) = t*o(v) + 8*p(v). What is b(3)?
16
Let b(y) be the first derivative of -y**3/3 + 7*y**2/2 + y + 13. Let s(m) = -m**3 + 5*m**2 + 5. Let h be s(0). Give b(h).
11
Let m = 59 - 57. Let l(a) = -a**m - 23 + 49 + 0 + 2*a**2 + a. Determine l(0).
26
Let m(l) be the first derivative of -l**3/3 + 8*l**2 + 110*l - 143. Let x be m(21). Let c(s) = s**2 - 2*s - 4. Give c(x).
11
Let n(v) = 2*v - 1. Suppose -4*j = -148 + 180. Let m(k) = -k + 29 - 28 + 0*k. Let a(t) = j*m(t) - 5*n(t). Determine a(-3).
3
Suppose -4*l + 236 = 200. Let n(g) = 5 + g + 12 - l. Give n(6).
14
Suppose 4*l + 3*s = 0, 0*s + 2*s + 8 = 0. Let v(r) = -5*r**2 + 51*r - 229. Let m(z) = -z**2 + 9*z - 38. Let c(o) = 6*m(o) - v(o). Determine c(l).
1
Let f(g) = -2*g**3 + g**2 + g. Let k be f(-1). Let q be 23/4 + k/8. Let t(b) = b. Let s(r) = r**2 - r + 7. Let v(w) = s(w) - 6*t(w). Calculate v(q).
1
Let u(t) be the first derivative of -t**2 + 3*t - 5. Suppose 8*b - 13*b + 45 = 5*m, 21 = -b + 5*m. Determine u(b).
-5
Let d(f) = 3*f + 8. Let r = 4141 - 4145. Give d(r).
-4
Let r = 448 + -426. Suppose 4*v - 10 + r = 0. Let g(b) be the third derivative of b**4/12 + b**3/2 - b**2. Give g(v).
-3
Let a(g) = -4*g + 6. Let l(q) = -8*q - 7. Let y(h) = 7*h + 7. Let r(s) = 6*l(s) + 7*y(s). Suppose -10*t - 30 = -10. Let i be r(t). Calculate a(i).
-14
Let k(j) = 7*j**2 - 54*j - 75. Let x be k(9). Let o(n) = -n**3 + 9*n**2 - 17*n + 12. Calculate o(x).
18
Let m(t) be the third derivative of -5/24*t**4 - 2 + t**2 + 2/3*t**3 + 0*t. What is m(6)?
-26
Let l be ((-6)/(-9))/(4/12). Let w(i) = -l*i - 12 - 5 + 17. Suppose -1 = d + 5*o, 5*o = d - 4*d - 13. What is w(d)?
12
Let y(k) = -37*k - 310. Let w(r) = -35*r - 300. Let m(i) = 8*w(i) - 7*y(i). Determine m(-11).
1
Let r(c) be the third derivative of 0*c + 0 + 1/4*c**4 + 84*c**2 + 1/2*c**3. What is r(-6)?
-33
Let f be (0 + 1)*-3*4/3. Let u be f/(-10) - 308/(-55). Suppose 0 = -o - u*o + 42. Let g(x) = x - 4. Calculate g(o).
2
Let c(w) = 23*w**3 - 3*w**2 - 8*w - 1. Let u(l) = -84*l**3 + 12*l**2 + 31*l + 5. Let a(f) = 11*c(f) + 3*u(f). Calculate a(-1).
1
Let t(x) = 14*x**2 + 19*x + 61. Let c be t(-6). Suppose 5*w + 416 = c. Let f(b) = b**2 - 7*b + 9. Determine f(w).
9
Let p(j) = -j**3 + 3*j**2 + 5*j. Let m be -73*(-6)/90 + 4/30. Suppose 2*z - 7 = -m. Let f be 1 - (-3 + (1 - z)). Determine p(f).
4
Let g(t) be the third derivative of -t**4/24 + 7*t**3/3 - 3*t**2 + t - 548. What is g(9)?
5
Let s be 4/(-8)*-7*10. Suppose -5*d - s = -0*d. Let i(u) = -u - 3. Let a be i(d). Let g(k) = 2*k + 2. Give g(a).
10
Let o be 76/190 - 174/(-15). Let p(c) = 4*c - 43. Determine p(o).
5
Suppose 9*w - 3*w - 108 = 0. Let o(p) = -33 + 53 - w - 4*p. Let f = -1 - -3. What is o(f)?
-6
Let h(v) = -v**2 + v - 20. Let m be ((-187)/(-170) - 3/2)*-35. Let l be (-14 + m)/(-1*2). Give h(l).
-20
Let u be 3052/154 + 2/11. Suppose 5*k + u = 15*k. Suppose k*f - 12 = -8. Let z(h) = h. What is z(f)?
2
Let a = -6 + 0. Let q = -9 - a. Let s(t) = 4*t + 58. Let f(c) = 7*c + 106. Let w(r) = -6*f(r) + 11*s(r). Give w(q).
-4
Let b = -8 + 11. Suppose 2*u = 4*u + y + b, 2*y = -10. Let d(a) = 6*a - 2. Let n be d(u). Let z(w) = 2*w - 4. Determine z(n).
4
Let f(i) = i**2 + 5*i - 4. Let q(w) be the first derivative of 15 - 5/2*w**2 + 2*w**3 + 10*w + 1/4*w**4. Let v be q(-7). Determine f(v).
-8
Let c = 6 + -11. Let m(o) be the first derivative of -o**3/3 - 3*o**2/2 + 4*o - 7391. Give m(c).
-6
Let y(b) be the third derivative of -b**6/60 - 9*b**5/20 + 5*b**4/8 + 13*b**3/6 - 2700*b**2 - 1. Determine y(-14).
-1
Let x(m) be the second derivative of m**4/12 + 2*m**3/3 - 4*m**2 - 2*m + 5. Let v(z) = 5*z**2 - 3*z - 43. Let p be v(3). Determine x(p).
13
Let n be 4 - (3 + -3)/2. Let h = -365 + 428. Let t(d) = -4 + h*d - 33*d - 34*d + 2*d**2. Calculate t(n).
12
Let t(z) = 128*z + 3290. Let c be t(-26). Let f(v) = v + 30. Calculate f